= 45 + -28. Suppose 2 - u = -5*l. Suppose l*n + 2*n = 725. Is n a prime number?
False
Let s(t) = 17*t**2 - 2*t - 2. Let m be 16/(-5) - 1/(-5). Is s(m) a composite number?
False
Let h(l) = -3*l**3 - 17*l**2 - 2*l + 1. Is h(-7) composite?
False
Let c(s) = s**2 - 3*s + 2. Let o(z) = -3*z - 3. Let u be o(-2). Let x be c(u). Is -14*(x - 18/4) a prime number?
False
Let k(w) be the third derivative of 0 + 0*w - 1/60*w**5 + 1/40*w**6 + w**2 - 1/6*w**3 + 1/12*w**4. Is k(2) a prime number?
True
Let l(y) = 8*y + 126. Let s(d) = 7*d + 127. Let b(r) = -6*l(r) + 7*s(r). Is b(0) a composite number?
True
Let c(v) = -v**3 - 4*v**2 + 5*v + 4. Let k be (6/(-5))/((-5)/(-25)). Is c(k) prime?
False
Let o = -1 + 3. Suppose t = -o*t + 1545. Is t/10 - 6/(-4) prime?
True
Suppose -4*k + k = -3117. Is k a prime number?
True
Suppose 0*x + 5*x - 145 = 0. Suppose -3*l - 4*z + 62 = -3*z, -x = -l - 2*z. Is l a prime number?
True
Let l be (2/(-1) - -2)/1. Suppose l*q - q = -127. Is q a prime number?
True
Let a(m) = 3*m**3 + 9*m**2 - 15*m + 2. Is a(7) a composite number?
False
Let r = -94 + 140. Is r composite?
True
Suppose -18*p = -22*p + 1228. Is p a composite number?
False
Let o(d) = -14*d**2 - 3*d + 3. Let n be o(3). Let h = n + 243. Is h a composite number?
True
Suppose -2*a + 527 = 105. Is a a prime number?
True
Let i = 7 - 4. Suppose -i*t - 18 = -210. Suppose -t = -o + 5*b, -2*o + 16 = -5*b - 127. Is o a prime number?
True
Let a(o) = 22*o - 3. Let y be a(-8). Let b = -96 - y. Is b composite?
False
Let g(d) = -d**2 - d - 29. Let a be g(0). Suppose -5*c - 211 = -h, h = 4*c - 23 + 191. Let x = a - c. Is x a composite number?
True
Let c be 0/(0 + 6/3). Suppose 4*d - 220 = -c*d. Suppose d = u - w + 4*w, w - 51 = -u. Is u prime?
False
Suppose -4*t + 14 + 1354 = 0. Suppose 142 - t = 4*y. Let u = y - -97. Is u prime?
True
Let n = 1 + 0. Suppose 2*r + 7 = n, 1 = -2*j + r. Is (1/(-3))/(j/18) prime?
True
Let v be 6/(-8) + 1/(-4). Let u be (-4 - -4)/(2 + v). Suppose u*l = 2*l - 26. Is l composite?
False
Let q be (0 - -3)*(-370)/(-6). Let i(y) = -6*y**3 + y. Let m be i(-1). Suppose -m*w - q = -10*w. Is w a composite number?
False
Let b(c) = 65*c**2 - 3*c - 3. Is b(2) composite?
False
Suppose 4*n - 5 - 223 = -z, -2*n = z - 116. Let m = n + -33. Let o = m - 4. Is o prime?
True
Let j(k) be the second derivative of 27*k**5/10 - k**4/4 + k**2 - 5*k. Is j(2) prime?
False
Suppose 0 = 2*o - 4*o + 3*i + 723, -4*o + 1452 = -4*i. Let z = 548 - o. Suppose -h + z = h. Is h composite?
True
Let h be 8 + -5 + (0 - 1). Suppose -4*y + 54 + 42 = -h*c, 3*y - 5*c = 86. Is y a composite number?
True
Let j be 1/(2 + 110/(-56)). Let b = -2 + j. Is b prime?
False
Suppose 0 = 2*x + 3*x - 165. Is x a composite number?
True
Let s(f) = 1 + 2*f - 2*f + 0 + f. Let z be s(2). Suppose -2*h - 176 = -z*y - 7*h, 0 = 4*h + 20. Is y a prime number?
True
Is (665 - 3)/(-4 + 70/15) prime?
False
Suppose 6*a = a - 125. Let v = a + 78. Is v a composite number?
False
Suppose 3*q - 40 = -2*w, -3*w - 16 = -q - w. Suppose 0 = -5*c - 5*x + 2110, -4*x - 2 + q = 0. Is c composite?
False
Let f(m) = -m**3 + 2*m**2 + 4*m. Let o be f(3). Suppose 2*q + 2*q = 768. Suppose 189 + q = o*u. Is u prime?
True
Let s = -435 + 848. Is s a composite number?
True
Suppose 3*t - 50 = -2*f - 6, 3*f = -4*t + 68. Let w = f - 14. Is w composite?
True
Suppose 3*x = -9 - 9. Let n = -4 - x. Suppose -4*o + 8 = 0, t - n*o = -3*t + 344. Is t prime?
False
Suppose -4 = 2*x + 4*u, 5*u - 2*u = -3*x + 3. Suppose x*i = 13 + 7. Suppose -i*o + 413 = -2*z + 1103, 3*z = -2*o + 997. Is z a composite number?
True
Is (5 - 10 - -260) + -1*4 prime?
True
Is 2*((-13)/(-2) + -1) a prime number?
True
Suppose 5*a - 5*t - 485 = 0, 0*t + 8 = -4*t. Is a prime?
False
Suppose -4*z + 2*z = -6. Is (z/(-3))/(2/(-38)) a composite number?
False
Let b = 17 - 10. Is b prime?
True
Suppose 3*z = -0*z - 4*w + 49, 0 = 5*z + 3*w - 67. Is (-3)/((-14)/z + 1) prime?
True
Suppose 0*j - j = -2. Suppose -j*m = -106 - 60. Is m a prime number?
True
Let w = -3235 - -4632. Is w a composite number?
True
Suppose 3*a = -4*z + 7613, 1090 = z - 3*a - 802. Is z a prime number?
True
Suppose -39*m + 37*m = -268. Is m composite?
True
Is -3 - 13/((-26)/3140) composite?
False
Let b(f) = -f**3 + 8*f**2 + 2*f - 1. Suppose -2*c = 5*q - 28, -4*q - 3*c + 27 = q. Is b(q) a composite number?
False
Let d(g) be the third derivative of 7*g**4/24 - g**3/6 + 3*g**2. Suppose -u - 3*b = 4, -5*u + 3*b + 0*b = -16. Is d(u) composite?
False
Let d(b) = -b + 7. Let z be d(5). Suppose -u = z*u - 339. Let r = -60 + u. Is r prime?
True
Let u(y) = -y**3 - y**2 + 2*y + 1. Is u(-5) composite?
True
Suppose -n + 2*q = -3*q + 11, 4*q - 12 = 0. Let h(k) = 18*k**2 + k + 1. Is h(n) a prime number?
True
Suppose 0 = 4*w + 2 + 2. Let s = 10 - w. Is s a composite number?
False
Let u be ((-10)/15)/((-4)/(-6)). Let a be 2 + u + 226/2. Suppose a = b + 5*f, 2*b - 64 - 179 = 5*f. Is b prime?
False
Suppose -849 = -p + 3*x, 0 = 2*x - 7*x + 25. Let c = p - 571. Is c prime?
True
Let o(m) = -2*m**3 - 21*m**2 + 14*m + 18. Let p(g) = -g**3 - 11*g**2 + 7*g + 9. Let f(v) = 6*o(v) - 11*p(v). Is f(-8) prime?
False
Let t(a) = 3*a**2 - 3*a + 3. Suppose -p - 2*j + 8 = 0, 6*p - 4 = 3*p - j. Suppose 2*n - 7 - 1 = p. Is t(n) prime?
False
Let z(i) = 921*i**3 + 1. Let g be z(-1). Let l = -367 - g. Is l prime?
False
Let k = 98 - 17. Suppose 2*y = -107 + 19. Let g = y + k. Is g a prime number?
True
Let a be (-3 - 0)*(-192)/36. Let p(q) = q**3 - 14*q**2 + 2*q + 9. Is p(a) composite?
True
Let x be 0 - (-2 - 0/2). Suppose 0*v - 3*v - 2*f = -x, 0 = 3*f + 6. Let q = 9 - v. Is q composite?
False
Let a be 1 + 12/(-9)*-3. Let k be (102/(-24))/((-3)/36). Suppose 0*r - 4*r = -a*j - k, r = -j + 6. Is r a composite number?
True
Suppose -726 = f - 1807. Is f a composite number?
True
Let i = -5 + 14. Suppose -72 = -5*r + 2*r. Let n = r - i. Is n a prime number?
False
Let o(r) = r**3 - 5*r**2 + r - 5. Let i be o(5). Suppose -452 = -5*h - 3*c, i*c + 4*c + 95 = h. Is h a prime number?
False
Suppose 2*s = 3*s - 33. Is s a prime number?
False
Let w be 0/((-2)/(-2) + 1). Let d(f) = -6 - 13*f + w + 2. Is d(-3) a composite number?
True
Let t(h) = 119*h - 29. Is t(12) a composite number?
False
Suppose 11 = -5*p + 1. Suppose -3*z + 5*z = -2. Is (p - z) + -1 + 4 a prime number?
True
Let j(r) = -7 + 1 - 8*r**2 - 4 + 0*r**3 + r**3 + 9*r. Let t be j(7). Suppose 5*f - 5 = 0, t*f + 24 = 3*g + 7. Is g a prime number?
True
Suppose -p = -1 - 2. Suppose v + 5*a - 902 = -134, v = p*a + 728. Is v prime?
True
Suppose 3*k + 1 = -17. Let g(y) = -8*y - 9. Let i be g(k). Is (4/(-6))/((-2)/i) prime?
True
Let n(i) = -i**2 + 18*i + 13. Let v be n(10). Is 3*-3*v/(-27) a composite number?
False
Suppose -q - 12 = 8. Let t be (q/(-8))/((-1)/(-4)). Suppose 89 = 3*y - t. Is y composite?
True
Let j be ((-1062)/4)/((-15)/(-20)). Let r = -236 - j. Suppose t - r = -t. Is t a composite number?
False
Suppose -1 = n - 3. Is 499/n - (-1)/(-2) a prime number?
False
Let j = 3 - 3. Suppose 4*r - 2*k = -j*k + 834, -3*r - 2*k + 643 = 0. Is r prime?
True
Let z(i) = 13*i - 7. Suppose 3*a = -4*d + 5, -5*a = 4*d - 4 + 9. Is z(d) composite?
True
Let n(b) = -b**2 + 3 - b**3 + b - 5 + 2*b**3. Let r be n(0). Is -2 - (-53 - r - 0) a prime number?
False
Let m(z) = z**2 + z + 10. Let f be 6*1*(-3)/(-9). Let i = f - 2. Is m(i) prime?
False
Suppose f + 3*f + 3*k + 3764 = 0, 3*k - 4732 = 5*f. Let s be f/(-12)*9/6. Let h = s - 59. Is h prime?
True
Suppose 5*b - 4*p + 16 = 0, b - 3*p = -0*p - 12. Suppose f - 59 = -b*f. Is f a composite number?
False
Let l = -5 - -7. Suppose l + 18 = 4*n. Suppose 2*m - 2*j - 195 = m, n*j = m - 207. Is m prime?
False
Let w be 252/1 - (-6)/2. Let c = w + 508. Is c a prime number?
False
Let z = 2 + 1. Suppose 4*m = 5*x - 185, 2*m = -z*x + 135 - 46. Is x composite?
True
Let h be -14*1*(-60)/14. Suppose 5*a + 12 - 37 = 4*d, -20 = -4*a + d. Suppose -a*i + i = -h. Is i a composite number?
True
Let w = -163 - -71. Let b = -55 - w. Is b a prime number?
True
Suppose -4*f + 734 = 2*n, 0*f = -2*f + 4*n + 382. Is f prime?
False
Suppose 4*g = -8, 2*g = i - 3*g - 99. Is i composite?
False
Let v be 4*(-1)/(-2) - 2. Suppose v*i - 66 = -3*i. Is i prime?
False
Let r = 1227 - 714. Suppose 25 = -4*f - 4*y + r, 4*y + 20 = 0. Is f a composit